))) + -5?
3
6 - (6 + (-2 - 2))
4
-6 + 2 + 6 + 1 - 1
2
What is 28 + -23 - (0 + 3)?
2
Evaluate -1 - ((-7 - 0) + 3).
3
What is (-1 - 0) + (-2 - -4)?
1
What is 7 + -13 - -9 - 9?
-6
What is the value of (16 - (7 - -1)) + -16?
-8
3 + 2 + 0 + -5 + 6
6
9 + 0 + -5 - -1
5
What is the value of (-1 - -13) + -6 + -12?
-6
Evaluate 3 + 4 - (0 - -3).
4
Calculate -2 + -2 + -10 + 17.
3
What is the value of -3 - (2 + (-5 - -3) + -3)?
0
Evaluate -1 + 4 + (11 - 12) - 4.
-2
-1 + 4 + -4 + -4
-5
Calculate -8 - -16 - (1 + -5 + 11).
1
-8 + 1 - (2 + -7 - -3)
-5
Evaluate (2 - -4 - 16) + 7.
-3
Calculate -1 + (1 - (-2 - -5)) + 5.
2
Evaluate 0 + 2 - (-1 + (0 - 0)).
3
What is the value of 4 - -6 - 4 - (-7 + 14)?
-1
What is the value of -7 + 11 - (0 - -10) - -1?
-5
3 - (3 + 4 + -4)
0
(-1 - -3 - -4) + -15 + 13
4
-2 - (5 - 1 - (8 + -9))
-7
Evaluate 28 + -19 - (6 + 0 + -2).
5
Calculate -5 - -9 - (0 - -1).
3
What is (142 - 138) + (-2 - -1)?
3
What is the value of -2 + 1 + (-4 - -5)?
0
-20 + (1 - -11) + 1 + 5
-2
What is (10 + -20 - (-3 - 4)) + 10?
7
Evaluate -10 + 11 + -2 + -6 + 0.
-7
What is -7 - ((6 - 7) + -10)?
4
What is the value of -8 + 1 + -77 + 86?
2
Evaluate 19 + -11 - (-2 - -5).
5
What is 15 + -17 + (-1 - -1) + 0?
-2
Calculate -87 - -98 - (-2 + 16).
-3
Calculate (3 - 2) + 0 + 3 - 5.
-1
Evaluate 1 - -2 - (10 + -1).
-6
Calculate -3 - (0 - 7 - -3).
1
(-20 - -18) + (0 - 3)
-5
What is -7 + 13 + 1 + -4?
3
What is -4 - (23 - 24 - (2 - 1))?
-2
Calculate (7 + -3 - 3) + (-12 - -3).
-8
Calculate -1 - (0 - (6 + -9)).
-4
Evaluate -2 - (-3 + (-1 - -2)).
0
What is the value of (-6 - -7 - -2) + 5 - 7?
1
Calculate (-6 - -2) + 5 + 1.
2
Calculate 2 + -10 - (-6 - (4 + -6)).
-4
(5 - 11 - (4 - 15)) + -1
4
Calculate 0 + -6 + 0 + 5.
-1
-11 - (2 + -12 - (8 - 13))
-6
Evaluate -1 + -5 + 66 + -61.
-1
-67 + 64 - (0 - (4 + -1))
0
Calculate -3 + 15 - -4 - 7.
9
What is the value of -11 - -2 - (51 + -53)?
-7
What is the value of 18 - 13 - (-3 - -1) - 5?
2
What is -4 - (3 + (-7 - -5))?
-5
What is 8 + (3 - 1) - (22 + -20)?
8
Calculate (-2 - -3) + (-24 - -28).
5
What is 0 - ((2 - 9) + 10)?
-3
What is the value of -4 - ((-4 - 1) + 2)?
-1
Calculate -3 + 1 + 1 - 4 - -8.
3
What is the value of -8 + 9 + -2 + -2?
-3
-6 + -3 + (-1 - (6 + -9))
-7
2 - (-8 + -5 + 10 + 10)
-5
What is (3 - 2) + (5 - 11)?
-5
What is the value of 5 - ((-14 - -1) + 18)?
0
Calculate 5 - 3 - (0 + -1 - 2).
5
What is the value of 3 + 3 - 1 - (-1 - -6)?
0
Calculate 6 + -6 - (-6 - (1 - 14)).
-7
3 - (-1 + (-4 - -3) - -6)
-1
What is the value of (-2 - -5) + -6 + (13 - 8)?
2
What is the value of (-3 - -20) + (-9 - 2)?
6
What is the value of -5 - -3 - (16 + -8 + -4)?
-6
What is 0 - (4 + -7 + 5)?
-2
Calculate (0 - (7 - 6)) + 5.
4
Evaluate -2 - -3 - (-5 - -2).
4
What is the value of (-59 - -62) + (1 - 6)?
-2
What is the value of 9 + -11 + 3 - -5?
6
Evaluate -7 - (0 + (6 - 10)).
-3
Calculate -11 - (-5 - (3 + 0)).
-3
What is -4 - (3 - (4 - (-5 + 7)))?
-5
What is 3 + (10 + -8 - (1 - -7))?
-3
Calculate (-2 - -1 - -3 - -3) + -4.
1
What is the value of (10 - (-8 + 21)) + 8?
5
What is the value of 0 - (-1 + (-5 - -2) - -2)?
2
Evaluate -3 - (0 + 3) - -2.
-4
Calculate -6 + 6 + 5 + 3 + -4.
4
Calculate (-4 - -3 - 0) + -1 + -2.
-4
Evaluate 7 + (2 - (-10 - -19)).
0
Calculate (8 - (-8 + 7)) + -3 + 0.
6
Evaluate (1 - (1 + -9)) + -7.
2
What is 0 - 1 - (0 + 2 + -5)?
2
Calculate 2 + -1 + 2 + (17 - 18).
2
47 - 52 - (1 - -1 - 1)
-6
-3 + (4 - (-1 - 2))
4
What is the value of (-1 - 9) + (5 + -1 - -1)?
-5
Calculate (5 - (10 - 7)) + -2.
0
Calculate 2 + (-5 + 9 - 9).
-3
What is (-1 - 2) + (6 - 3)?
0
-2 + 0 + 4 + -7
-5
What is the value of (-12 - (-4 + 2)) + (15 - 10)?
-5
Calculate (-10 - -13 - (-1 - 0)) + 1.
5
Calculate -12 - (-23 + 8 - -3).
0
Calculate 1 - (2 - 1) - (-6 + 4).
2
1 + 7 + (-37 - -26)
-3
Evaluate -1 - (-7 - (-22 + 9)).
-7
Evaluate -7 + 2 - (7 - 16 - -9).
-5
What is 6 - (3 + (-2 - (-4 - -7)))?
8
Evaluate -3 - ((0 - 5) + 6).
-4
What is -6 + (-4 + 12 - -4) - 11?
-5
Evaluate (2 - -5) + -5 - 8.
-6
Calculate -3 + -2 + 0 - (-3 + 2).
-4
Calculate 4 - (-1 - -4 - (-1 + 1)).
1
Evaluate 4 - (3 - 1) - -6 - 3.
5
Calculate 2 - (2 - 2 - (-3 - 2)).
-3
What is 2 + -7 + -2 - -6?
-1
Calculate -9 + 0 + 10 - 4.
-3
What is the value of (0 - (-1 - 0)) + 6 + -10?
-3
What is -5 - ((-10 - -5) + 0)?
0
Calculate -2 - -1 - (3 + -3) - -6.
5
Evaluate (1 - 4) + (2 - (-2 + 4)).
-3
What is the value of 19 + -22 - (3 + -2)?
-4
What is (6 - 3 - 2) + -5?
-4
What is -5 + (-2 + (-2 - -3) - -2)?
-4
Calculate 5 + -5 + -5 + 11.
6
Calculate (-5 + -8 - -19) + (0 - 16).
-10
What is (-2 - -8) + -4 + -7?
-5
What is 8 - 3 - 5 - (4 + -3)?
-1
Evaluate (4 - 0) + -15 + 7 - -3.
-1
What is ((6 - 4) + -1 - 10) + 5?
-4
Evaluate 0 - -2 - (-3 + 6 + 3).
-4
What is the value of (-5 - (-6 + 4) - -7) + 2?
6
9 + -6 + (0 - (-7 + 4))
6
Calculate 3 - ((-9 - -2) + -1 - -3).
8
What is 1 + -4 - (-3 + -2 + -2)?
4
11 + (2 - 7 - 4)
2
-1 + 0 + (11 - 11) + 4
3
Evaluate -5 - (-1 + 2 - (2 - -1)).
-3
Calculate 1 + (1 - 0) - 6.
-4
Calculate -2 - -3 - (-4 - 0).
5
(0 - 0) + (-4 + 10 - 3)
3
What is the value of 7 + (1 - -8 - 14)?
2
Evaluate 6 - (4 + (0 - 2)) - 6.
-2
Evaluate 0 + 2 + (20 - 22).
0
What is 1 + (-1 - 4 - -3) + 1?
0
Calculate 1 + (5 - (-1 - (2 + -4))).
5
What is 6 + -6 - (5 + -8 + -1)?
4
What is the value of -10 + 2 + 4 - (-2 - 7)?
5
Evaluate -1 - (5 - 2) - 1.
-5
Calculate -4 + (-1 - 3 - (-9 + 1)).
0
What is -4 - -2 - (2 - 3)?
-1
Calculate 0 + 9 + -11 + (2 - -1).
1
Evaluate 2 - (-1 + -3 + -2 + 7).
1
5 - ((2 - 2) + (9 - 6))
2
Calculate 4 + (4 - 12) - -9.
5
What is (-4 - 2) + 1 + 9?
4
Evaluate (-4 - 1 - -8 - 0) + -3.
0
Evaluate -4 - -3 - (8 + -6 + -3).
0
What is 3 + -5 - (6 + -10)?
2
What is the value of 23 + -23 - (-1 + 2)?
-1
What is 3 + -11 + -2 + 5?
-5
5 + (-7 - -5) - (-1 - -7)
-3
What is the value of (-2 + 0 - 2) + 8?
4
What is 0 + (2 - (3 + -2)) + 3?
4
Calculate -3 + -2 + (0 - -3).
-2
Evaluate 2 - (0 - -5 - 7 - 2).
6
Evaluate 2 + 2 + -4 - -1.
1
Calculate 0 + 4 + (-7 - 2 - -7).
2
(0 - -3 - 7) + 2
-2
What is the value of 42 + -53 + (3 - -1)?
-7
Evaluate 5 + -10 + 3 - 0.
-2
What is the value of 0 + 3 + (-1 - 4) - 1?
-3
What is the value of 5 + -19 - -18 - (1 - 0)?
3
What is the value of (-6 - (-6 - 8)) + (-2 - 3)?
3
What is the value of -8 + 1 - (41 + -47)?
-1
What is the value of 15 + (-6 - -1) + -6?
4
Calculate -5 + -4 - (26 - 29).
-6
Calculate -16 - (-6 - (-10 + 12)).
-8
Calculate (-1 - -2) + 4 + -2.
3
What is the value of -4 - ((-2 - (0 + 2)) + 3)?
-3
3 + -1 + -6 - (0 + -1)
-3
Evaluate -5 + 1 + 0 + 1 + 3.
0
Calculate (-7 - -3) + 6 + -2.
0
Calculate -5 + -5 + 16 + -3.
3
What is -10 + 5 + -3 + 3?
-5
What is 10 - ((5 - 10) + 9)?
6
What is 4 + -2 + (3 + -1 - 1)?
3
Calculate (-3 - (-4 - 0) - 3) + 8.
6
What is -4 + (2 - (-10 - (2 - 7)))?
3
(0 - 1) + 0 - (-1 - -3)
-3
Calculate -7 + 3 + (5 - 7) - -3.
-3
(-8 - -1 - 3) + -2 + 6
-6
(1 - -4) + -6 - (0 - 1)
0
What is the value of 2 - (2 - (2 + -8))?
-6
What is -250 + 235 + (-1 - -1) + 7?
-8
What is 0 + -5 + (8 - (3 - 2))?
2
Calculate (2 - 5) + 1 + 0.
-2
What is 3 - -2 - (-2 - -11) - 1?
-5
Calculate 11 - (8 - 11 - 1 - -12).
3
Evaluate (0 - -2) + (3 - 8).
-3
Evaluate (2 - (6 + -3)) + -1.
-2
What is (1 - 4) + 4 + 3?
4
(5 - 4 - -1) + -1 + -4
-3
1 + -6 + (2 - -1)
-2
What is the value of 0 + (2 - -1) - (17 - 15)?
1
Calculate -5 - (0 - (14 + -7)).
2
Calculate 1 + (-2 - (-3 + -4 - 1)).
7
Calculate 11 - (3 + -1 + 1).
8
What is -13 + -7 + 14 - (-6 - -1)?
-1
What is the value of 1 + -1 - (-8 - (-12 + 5))?
1
What is the value of 0 + -1 + (13 - 4)?
8
5 + -3 - 1 - (2 - 0)
-1
Evaluate (0 - 0) + -138 + 144.
6
What is the value of (77 - 77) + 1 + -4 + 9?
6
What is the value of -3 - (6 - 9) - 2?
-2
Evaluate 7 - 1 - (2 - (1 - 3)).
2
Evaluate (5 - (-1 + -5)) + -12.
-1
Evaluate -1 + 3 + 1 - (5 - -1).
-3
What is 0 - -1 - ((-7 - 3) + 5)?
6
-3 - -3 - ((-3 - -2) + 4)
-3
0 - -8 - (1 + 1 + 4)
2
2 + 2 + 2 + 0 + -2
4
Calculate -2 + (-2 - -10) + -5.
1
Calculate 6 - (2 - (-3 + 0)).
1
Calculate 8 - ((-6 - -4 - -2) + 5).
3
-1 + 6 + -11 + 1
-5
Evaluate 2 + 1 - (-7 - (5 + -9)).
6
Evaluate (-11 - -1) + 10 + -6 - -16.
10
What is the value of -8 - (-8 + 8) - -4?
-4
(-4 - (-5 - 2)) + -2 + -1
0
-1 - (-9 - -2) - (2 - 0)
4
What is 0 + 0 - (13 - 18)?
5
1 + -4 - (-2 + (0 - -1))
-2
What is 0 + 1 + (11 - 7 - 9)?
-4
2 + -5 + (-1